2, 7, 17, 127, 227
List the prime factors of 1204884.
2, 3, 33469
What are the prime factors of 689520?
2, 3, 5, 13, 17
What are the prime factors of 8771487?
3, 23, 127123
What are the prime factors of 6115720?
2, 5, 13, 19, 619
What are the prime factors of 3055816?
2, 381977
What are the prime factors of 1384735?
5, 11, 17, 1481
List the prime factors of 16181095.
5, 7, 643, 719
List the prime factors of 380348.
2, 95087
List the prime factors of 14339284.
2, 107, 33503
What are the prime factors of 9988145?
5, 281, 7109
List the prime factors of 298120.
2, 5, 29, 257
What are the prime factors of 635076?
2, 3, 13, 23, 59
List the prime factors of 417565.
5, 23, 3631
What are the prime factors of 9555415?
5, 1911083
What are the prime factors of 460967?
13, 59, 601
List the prime factors of 13529108.
2, 3382277
List the prime factors of 25784024.
2, 7, 271, 1699
List the prime factors of 27962.
2, 11, 31, 41
What are the prime factors of 3877594?
2, 7, 47, 71, 83
What are the prime factors of 927121?
13, 71317
List the prime factors of 296898.
2, 3, 7, 7069
List the prime factors of 2589680.
2, 5, 32371
What are the prime factors of 4494049?
7, 181, 3547
What are the prime factors of 3238?
2, 1619
List the prime factors of 635619.
3, 211873
What are the prime factors of 1618808?
2, 17, 11903
What are the prime factors of 925750?
2, 5, 7, 23
List the prime factors of 2006891.
2006891
List the prime factors of 28406.
2, 7, 2029
List the prime factors of 12678189.
3, 4226063
What are the prime factors of 6757694?
2, 83, 40709
List the prime factors of 4874896.
2, 13, 23, 1019
List the prime factors of 1101376.
2, 17209
What are the prime factors of 503130?
2, 3, 5, 31, 541
List the prime factors of 131320.
2, 5, 7, 67
List the prime factors of 2163291.
3, 13, 55469
What are the prime factors of 4700426?
2, 97, 24229
List the prime factors of 1006761.
3, 7, 191, 251
What are the prime factors of 3682749?
3, 7, 157, 1117
What are the prime factors of 268594?
2, 23, 5839
List the prime factors of 499873.
11, 29, 1567
What are the prime factors of 2467766?
2, 7, 359, 491
What are the prime factors of 136316?
2, 53, 643
List the prime factors of 102430.
2, 5, 10243
What are the prime factors of 3084669?
3, 7, 19, 859
List the prime factors of 2104464.
2, 3, 17, 2579
List the prime factors of 12478171.
47, 265493
What are the prime factors of 22080073?
827, 26699
List the prime factors of 414967.
7, 59281
List the prime factors of 8019956.
2, 7, 286427
What are the prime factors of 13153550?
2, 5, 263071
What are the prime factors of 14552703?
3, 11, 16333
What are the prime factors of 5534559?
3, 23, 26737
What are the prime factors of 1107431?
13, 17, 5011
List the prime factors of 13837890.
2, 3, 5, 11, 19, 2207
What are the prime factors of 4859709?
3, 1619903
List the prime factors of 13160583.
3, 487429
List the prime factors of 3330601.
193, 17257
List the prime factors of 376920.
2, 3, 5, 349
List the prime factors of 2908554.
2, 3, 11, 127, 347
What are the prime factors of 1227018?
2, 3, 13, 15731
List the prime factors of 2471486.
2, 107, 11549
List the prime factors of 3015383.
7, 430769
What are the prime factors of 2525409?
3, 277, 1013
What are the prime factors of 9140307?
3, 11, 29, 9551
List the prime factors of 5836871.
23, 253777
List the prime factors of 281510.
2, 5, 28151
What are the prime factors of 7605154?
2, 17, 223681
What are the prime factors of 210132?
2, 3, 13, 449
List the prime factors of 615242.
2, 283, 1087
List the prime factors of 7707028.
2, 7, 275251
List the prime factors of 12078959.
17, 710527
List the prime factors of 8312344.
2, 1039043
List the prime factors of 77332.
2, 19333
What are the prime factors of 988230?
2, 3, 5, 32941
List the prime factors of 330372.
2, 3, 7, 19, 23
List the prime factors of 818318.
2, 619, 661
List the prime factors of 344762.
2, 11, 15671
What are the prime factors of 504571?
29, 127, 137
What are the prime factors of 36739992?
2, 3, 17, 5297
List the prime factors of 521472.
2, 3, 7, 97
What are the prime factors of 3077343?
3, 341927
List the prime factors of 6609943.
223, 29641
List the prime factors of 1006116.
2, 3, 83843
What are the prime factors of 9565482?
2, 3, 73, 21839
What are the prime factors of 2869970?
2, 5, 109, 2633
What are the prime factors of 304906?
2, 7, 29, 751
List the prime factors of 194297.
331, 587
What are the prime factors of 1625124?
2, 3, 135427
What are the prime factors of 1305815?
5, 7, 37309
What are the prime factors of 1984576?
2, 11, 2819
What are the prime factors of 4180970?
2, 5, 31, 13487
List the prime factors of 80903.
17, 4759
What are the prime factors of 17610784?
2, 550337
List the prime factors of 678443.
151, 4493
List the prime factors of 629078.
2, 149, 2111
List the prime factors of 435217.
17, 25601
What are the prime factors of 242357?
242357
What are the prime factors of 591515?
5, 17, 6959
What are the prime factors of 39942?
2, 3, 7, 317
List the prime factors of 2155554.
2, 3, 31, 3863
List the prime factors of 63514.
2, 11, 2887
What are the prime factors of 551528?
2, 71, 971
What are the prime factors of 9341118?
2, 3, 79, 6569
What are the prime factors of 49636?
2, 12409
What are the prime factors of 11273492?
2, 449, 6277
List the prime factors of 16501.
29, 569
List the prime factors of 3897519.
3, 1299173
What are the prime factors of 99472?
2, 6217
What are the prime factors of 12775015?
5, 11, 359, 647
List the prime factors of 3221910.
2, 3, 5, 11933
What are the prime factors of 143349?
3, 71, 673
List the prime factors of 212414.
2, 106207
What are the prime factors of 15545848?
2, 1943231
What are the prime factors of 653068?
2, 13, 19, 661
List the prime factors of 14668944.
2, 3, 305603
List the prime factors of 1385098.
2, 11, 13, 29, 167
List the prime factors of 12500812.
2, 31, 73, 1381
What are the prime factors of 15500538?
2, 3, 287047
What are the prime factors of 1291670?
2, 5, 37, 3491
What are the prime factors of 205368?
2, 3, 43, 199
What are the prime factors of 10451642?
2, 5225821
List the prime factors of 714262.
2, 357131
What are the prime factors of 2908226?
2, 1019, 1427
List the prime factors of 5067499.
761, 6659
List the prime factors of 251246.
2, 269, 467
What are the prime factors of 5753510?
2, 5, 7, 82193
List the prime factors of 903198.
2, 3, 150533
What are the prime factors of 28889719?
28889719
List the prime factors of 224636.
2, 89, 631
What are the prime factors of 202471?
202471
List the prime factors of 2216908.
2, 43, 12889
List the prime factors of 408165.
3, 5, 27211
List the prime factors of 270794.
2, 71, 1907
List the prime factors of 187768.
2, 7, 479
What are the prime factors of 26314365?
3, 5, 7, 11, 22783
List the prime factors of 2946315.
3, 5, 103, 1907
List the prime factors of 160741.
7, 22963
What are the prime factors of 15521?
11, 17, 83
What are the prime factors of 20359?
20359
What are the prime factors of 17772274?
2, 13, 443, 1543
List the prime factors of 3547817.
7, 13, 2999
What are the prime factors of 5223090?
2, 3, 5, 151, 1153
What are the prime factors of 227217?
3, 23, 37, 89
List the prime factors of 14133692.
2, 3533423
What are the prime factors of 2761616?
2, 11, 13, 17, 71
What are the prime factors of 268915?
5, 53783
What are the prime factors of 2987907?
3, 13, 23, 3331
List the prime factors of 19731254.
2, 17, 580331
What are the prime factors of 214428?
2, 3, 107, 167
List the prime factors of 21133137.
3, 557, 12647
What are the prime factors of 15438319?
13, 7027
List the prime factors of 283206.
2, 3, 7, 11, 613
What are the prime factors of 419208?
2, 3, 17467
List the prime factors of 11740112.
2, 733757
What are the prime factors of 6803610?
2, 3, 5, 11, 53, 389
List the prime factors of 436533.
3, 145511
What are the prime factors of 4062763?
179, 22697
List the prime factors of 1533751.
47, 32633
What are the prime factors of 291973?
11, 19, 127
List the prime factors of 256649.
17, 31, 487
List the prime factors of 2868419.
29, 98911
List the prime factors of 10954543.
10954543
What are the prime factors of 5776410?
2, 3, 5, 192547
List the prime factors of 6735589.
7, 101, 1361
List the prime factors 